t g(z) = z**3 + 5*z**2 - 5*z + 1. Let r be (-10)/5 + -2 + (-6)/3. Give g(r).
-5
Let h(f) = -f**2 - f - 5. Let z = 20 - 17. Suppose 2*y - 6 = 0, 6 = -3*m - y - z. Determine h(m).
-17
Let p be 0/103 - (2 + -2). Let l(a) = a**2 - 11. Determine l(p).
-11
Let a(n) = n**2 - n - 1. Let w = 27 + -27. Suppose 5*c + 15 = -0*c, -y + 5*c + 15 = w. Calculate a(y).
-1
Suppose 0 = -m - g + 3, 0 = -3*m - 3*g - g + 8. Suppose 5*f - 10 = 0, -3*p + f = m*f - 18. Let q(w) = -w - 1. Calculate q(p).
-5
Let p(n) = 1 + 1 - 1 - 14*n. Suppose -12*o = -302 + 314. Determine p(o).
15
Let k = 23 + -23. Let s(m) = -m**3 - m**2 - m - 3. What is s(k)?
-3
Let i be (-8)/14 - (-154)/98. Suppose -k - 2 - i = 0. Let f(t) = -t - 5. Calculate f(k).
-2
Let o be -6 - 0/2 - -6. Let z(t) be the first derivative of t**2/2 - 4*t - 15. Calculate z(o).
-4
Let k(x) = x**3 + 24*x**2 - 23*x + 56. Let n be k(-25). Let z(l) = l**2 - 8*l + 5. Give z(n).
-7
Let x = 11 + -9. Let i(d) = 0*d + 1 - d**2 - 5*d - 3*d + x*d. Suppose z = 5*z - q + 23, 0 = 3*z - 2*q + 16. What is i(z)?
1
Let h(p) be the third derivative of -7*p**6/120 - p**5/60 + p**4/24 + p**3/3 + 12*p**2. Give h(-1).
7
Let w = 150 + -158. Let k(b) = -b**3 - 8*b**2 - 4*b - 9. Give k(w).
23
Let j(y) be the first derivative of 3*y**3 + y**2/2 + y - 963. What is j(-1)?
9
Let i(w) = w - 2. Let k(b) = 5 + 9 - 12 - 5*b + 3*b. Let m(q) = -4*i(q) - 5*k(q). Determine m(3).
16
Let f be 0 - 1 - (-11)/11. Suppose f*c - c = 1. Let i(p) = -3*p. Give i(c).
3
Suppose -5*i = -i. Suppose -4*r - 4 = i, 2*x = -3*r + 5*r - 6. Let s(l) be the first derivative of l**3/3 + l**2 - 5*l + 3. Give s(x).
3
Let a(r) = -r**3 - r**2 - 2*r. Let x(y) = 3*y - 101. Let j be x(33). What is a(j)?
8
Suppose -3*f = f + 3*w - 8, -f - 3*w = 7. Suppose g + f*a = 9, -4*g + 36 = -a - 2*a. Let o = 3 - g. Let z(l) = l + 7. Give z(o).
1
Let j(b) be the first derivative of -b**3/3 + 10*b**2 - 80*b + 327. Determine j(6).
4
Suppose x = 2*x. Let n(v) = -107*v - 27. Let u(f) = 40*f + 9. Let z(a) = -3*n(a) - 8*u(a). Determine z(x).
9
Let l(j) = -5*j**3 + 12*j**2 - 4*j + 11. Let i = 6 + 1. Let q(x) = 6*x**3 - 13*x**2 + 5*x - 12. Let o(v) = i*l(v) + 6*q(v). Determine o(-6).
-7
Let i(u) = 2*u + 27. Let y be (-28)/(-294) + 762/(-63). Give i(y).
3
Let v(s) = s**3 - 7*s**2 + 2*s - 10. Suppose 2*a = -3*j - 0*j + 19, 0 = -5*a - 5*j + 45. Suppose 25 = a*r - 79. Let w = 20 - r. Give v(w).
4
Let b(w) = w**2 - 5*w + 3. Let v(u) = 2*u**2 + 0 + 3 + u - 4 + 3*u**2. Let l be v(1). What is b(l)?
3
Suppose -23 = -5*y - 3*v, 0*y = 3*y + v - 13. Let c(l) = y - 6*l + 7*l**3 - 4*l**2 + l + 0*l**2 - 6*l**3. What is c(5)?
4
Let y be (533/65 - -1) + (-2)/10. Let z(s) = -2*s - 16. Determine z(y).
-34
Let u be 3/(3 - (-315)/(-100)). Let r = u - -17. Let h(x) = -2*x**3 - 4*x**2 + x + 1. Calculate h(r).
16
Suppose 14*c + 54 = 16*c. Suppose 2*b = b - 3*q - 1, q = 5*b - c. Let z(a) = a**3 - 3*a**2 - 7*a. Give z(b).
15
Let q(y) = -3*y**3 - 23*y**2 - 31*y - 9. Let n(z) = z**3 + 8*z**2 + 9*z + 3. Let a(m) = -7*n(m) - 2*q(m). What is a(-10)?
7
Suppose 5*n + 9 = 8*n. Let a be ((-60)/18)/(2/n). Let h(k) = -k**2 - 5*k + 5. Give h(a).
5
Let o(j) = 2*j**2 + 16*j + 6. Let h be 1/((4/21)/4). Let x be (0 - -1)/((-3)/h). Let q be o(x). Let c(v) = -v**2 - 9*v - 4. Give c(q).
4
Let r = 3 - 1. Let g(j) = -j**2 - j. Let a(s) = 4*s**2 + 2*s. Let t(f) = 3*a(f) + 8*g(f). Determine t(r).
12
Let k(l) = l. Suppose 0 = -4*a + 2*a + 8. Let b be (a - (-7)/(-2)) + (-26)/4. Determine k(b).
-6
Let g be (-30)/(-20) + 10/4. Suppose -2*z + j = -1, -g*j + 8*j + 16 = 2*z. Let f(o) = o**2 - 1. Give f(z).
3
Let h(f) = 2*f - 15. Suppose 2*c - 7*c = -2*m, 5*c = -3*m + 50. What is h(m)?
5
Let s(b) be the first derivative of -b**7/840 - b**6/60 - b**5/30 - b**4/6 + 7*b**3/3 + 10. Let x(a) be the third derivative of s(a). Calculate x(-5).
-9
Let c(t) = 2*t - 7. Let a(i) = 2*i - 5. Let z(h) = -3*a(h) + 4*c(h). Give z(11).
9
Let i(q) = 2*q + 3. Suppose -k = -5*j - 2*k + 90, -4*j - 5*k = -51. Suppose -5*t - a + 15 = -0*a, -2*t - 3*a + j = 0. Suppose -3*m - t = -2*m. Give i(m).
-1
Let m(f) = 3*f**2 - 2*f**2 - 6*f**3 - 10*f**3. Suppose -3*a + 7 = -y, -5*y = -y + 3*a - 2. Determine m(y).
17
Let f(a) = -7*a + 37. Let j(o) = -4*o**2 + 148*o + 7. Let p be j(37). Determine f(p).
-12
Let w be ((-632)/395)/((-2)/(-5)). Let q(f) = -f**2 - 3*f + 4. Calculate q(w).
0
Let f(a) = a. Let m(q) = 4*q + 10. Let o = 37 - 18. Let s = o + -16. Let k(p) = s*f(p) - m(p). Determine k(-5).
-5
Let t(c) = c**2 + 6*c + 10. Let p be t(-4). Suppose -3*u - i + 15 = -2*i, p*u - 2*i - 14 = 0. Let z(x) = 3*x**2 + 2*x + 2*x + 0*x - x**3. Determine z(u).
0
Let n(s) = 3*s**2 + s + 2. Let y(t) = t**2 + 2*t + 1. Let q(h) = n(h) - 2*y(h). Give q(3).
0
Let z(y) = 2*y - 5. Let p(r) = 26*r - 56. Let g(u) = -p(u) + 10*z(u). Calculate g(-3).
24
Let o(q) = -3*q - 4. Let r = 23 + -26. What is o(r)?
5
Suppose k - 1 = 0, 3*g + 2*k = 2*g + 31. Suppose 0 = 5*h - g + 9. Let d = 1 - h. Let f(w) = -w**2 - 3*w - 2. Give f(d).
-2
Let y(u) = 886*u + u**2 - 881*u - 2*u**2 + 1 - 2. Calculate y(3).
5
Let i(g) = -g**2 + 8*g - 9. Let c be -3 + (1 - (-1 + 259)). Let n be 80/13 - (-40)/c. Determine i(n).
3
Suppose -545*t + 540*t = 0. Let i(m) be the third derivative of 4*m**2 + 1/60*m**5 + 0*m**4 + t + 0*m + 1/6*m**3. What is i(3)?
10
Let v(o) = 23 + 4*o + 2*o - 26 - 7*o - o. Calculate v(-5).
7
Let a(v) = 5 + 0 + 18 - 7*v + 0 + 3. Determine a(6).
-16
Suppose 3*t = -3*p + 24, 2*p = 4*t + t - 5. Let o(x) = -2*x - 4. Calculate o(t).
-10
Suppose i + 0*i - 55 = 2*g, 0 = -5*i + g + 230. Let c = 49 - i. Let b(o) = o**2 - 3*o - 4. Give b(c).
0
Suppose -4*m = -r - 2*r + 29, r - 2*m - 13 = 0. Let h(w) = 9*w**2 - 6*w**2 + 5 - w**r - 4*w**2. Calculate h(0).
5
Let w(b) be the first derivative of b**3/3 - 7*b**2/2 + 9*b + 21. What is w(6)?
3
Suppose 5*h = 3*h + 12. Suppose -4*t - 2*v + 26 = 0, 0 = 2*t + t - 2*v - 23. Let o(r) = t*r - 2*r**2 + 0*r - r**2 - 4 + 2*r**2. Calculate o(h).
2
Let q(a) = a**2 - 4*a - 2. Let r(o) = 65*o + 460. Let y be r(-7). Determine q(y).
3
Let a(p) = p**2 + 14*p + 17. Let g = -385 - -373. Determine a(g).
-7
Let q(p) = -75*p**2 - 74*p**2 + 226*p**2 + 5*p + 11 - 78*p**2. Determine q(8).
-13
Suppose 4*y - l = 5, -25 = -8*y + 3*y - 5*l. Suppose y*u = u. Let r(k) = 3*k - 4*k + 0*k + k**2 + 9 - 2*k**2. Give r(u).
9
Let m = 6 - 2. Let n be (-18)/4 + 2/m. Let k(o) = 5*o + 12. Let u(z) = -11*z - 25. Let b(g) = 9*k(g) + 4*u(g). Calculate b(n).
4
Let l be ((-2)/(-3))/((-10)/45). Let m(y) = y**3 + 5*y**2 + 3*y - 3. Let o be m(l). Let b(v) = v. What is b(o)?
6
Let u(j) = j - 11 + 0*j + 2. Let m = -16974 - -16974. Determine u(m).
-9
Suppose 0 = -2*z - 2*z + 12, 3*t - 1572 = -4*z. Let s be 4/6 + t/(-60). Let g(q) = -q + 6. Determine g(s).
14
Let t(k) = 6*k - 1. Suppose 0 = -12*p + 11*p. Suppose 5 = -p*u + u. Suppose u*r = 6 - 1. Determine t(r).
5
Suppose -8*h - 18 = 14. Let p(i) be the first derivative of i**4/4 + i**3 - 5*i**2/2 + 3*i - 5. Determine p(h).
7
Let i be 474/(-39) - (-20)/130. Let x(p) = 2*p**3 + 25*p**2 + 13*p + 6. Determine x(i).
-6
Let d(r) = -109*r - 6 + 8*r**2 + 114*r - 9*r**2. What is d(6)?
-12
Let o(u) = u**3 - 22*u**2 + u - 18. Let r = -221 - -243. Give o(r).
4
Let v(q) = -4*q**2 - 11*q + 12. Let w(n) = 3*n**2 - n - 1. Let g(t) = -v(t) - 2*w(t). What is g(7)?
-17
Suppose -7*r + 2*r = -35. Let j = -12 + r. Let b(t) be the first derivative of t**2/2 - 6*t - 1. What is b(j)?
-11
Let u(x) = -x**2 + 1. Let s(k) = k**2 + 12*k + 1. Let v be s(-12). Let c be u(v). Let q(d) = -3 + 0*d + 4 + c*d + d. Determine q(3).
4
Let b(a) = -5*a + 6 + 32*a - 32*a. Give b(4).
-14
Let l(u) = 1 - 5 - 1 + 3*u + 4. Let y(d) = -d**3 - 6*d**2 + 6*d - 1. Let b be y(-7). Let i = -2 + b. What is l(i)?
11
Let o(d) = d**3 + d**2 - d - 11. Suppose 0 = 18*f - 29*f. Determine o(f).
-11
Let b(h) = -20*h**2 + 320*h - 1. Let s be b(16). Let t(r) = -8*r**2. Determine t(s).
-8
Let q be 2 + (-5)/(20/116). Let d = -9 + q. Let b = -29 - d. Let h(m) = m**3 - 6*m**2 - 8*m + 9. Calculate h(b).
2
Let h(b) = -13*b - 5. Let k(g) = 7*g + 2. Let a(q) = 6*h(q) + 11*k(q). Calculate a(-6).
-2
Suppose 6 = 2*a, 2*a - 6*a + 30 = 3*i. Let q(h) = -h + 18. Calculate q(i).
12
Suppose 4*u - 5*b + 20 = 3*u, -25 = -3*u - 2*b. Let i(c) = -c**3 - 9 - 54*c - u*c**2 - 2*c